nits digit of (3 + 12)*(2 + (-1628)/(-5))?
4
Let y = -79 + 185. Suppose -a = y - 519. What is the units digit of a?
3
Suppose -5*b - 105 = 5*o, 8*o = -3*b + 7*o - 61. Let n = b - -39. What is the tens digit of n?
1
Let q be -3 + 0 + 0/(-5). Let z be ((-6)/(108/30))/(1/q). Suppose -1265 = -z*r + p, -2*r + 498 = -6*p + 4*p. What is the units digit of r?
4
Let w(z) = -z**2 + 70*z - 463. What is the units digit of w(36)?
1
Suppose 5*k = -0*d + 2*d + 36555, -k + 2*d = -7311. What is the thousands digit of k?
7
Suppose -385*m + 405*m = 127760. What is the units digit of m?
8
Suppose 39*i - 205 = -10. What is the units digit of i/(-1) + 12 - -728?
5
Let l(b) = 3*b**2 + 58*b - 245. What is the thousands digit of l(38)?
6
Let j = 1066 - 738. Suppose 2*r = 4*o - 322, 3*o - 4*r - j = -o. What is the units digit of o?
9
Suppose 1554 = -44*f + 234. Suppose 2*x + 20 = 5*g + x, 2*g - 8 = 4*x. What is the units digit of g/f + -26*238/(-60)?
3
Suppose 0 = -3*g + 5*l + 25, 4*l + 5 = g - 1. Suppose 2125 = g*j - 3965. What is the hundreds digit of j?
6
What is the ten thousands digit of 70/30*26166 + (1 - 4)?
6
Let c(l) = -4*l**3 - 20*l**2 - 115*l + 427. What is the thousands digit of c(-24)?
6
Suppose 5*q + 37 = -3*w + 6, 3*q + 25 = -5*w. Let b be (2 + -1)/(q/(-2140)). Let a = -272 + b. What is the hundreds digit of a?
1
Let n = 567 - 193. Suppose -4*k + n = -14. What is the units digit of k?
7
Let d = 220 - 343. Let o = 129 + d. Suppose o*t - 400 = 2*t. What is the tens digit of t?
0
Suppose 203 + 79 = 3*l. Let u = -22 + l. Suppose 3*g - u = g. What is the tens digit of g?
3
Let a(g) = -40*g + 74. Let n be a(12). Let x = n - -776. What is the units digit of x?
0
Let b(s) = -2*s**3 - 51*s**2 + 24*s - 19. Let v be b(-26). Suppose -v*m + 2565 = 12*m. What is the tens digit of m?
5
Suppose -5*m = 70 - 45, 6*b - 91066 = 2*m. What is the units digit of b?
6
Let k = -9968 - -16769. What is the units digit of k?
1
Let m = 23522 - 9993. What is the thousands digit of m?
3
Suppose -w - 3*w + 14791 = -42049. What is the units digit of w?
0
Suppose 10*d - 4*d - 24 = 0. Let a be (-206)/(-1*d/2). Let j = a - 23. What is the units digit of j?
0
Let r = 73 + 309. Suppose -r = -5*x - 4*m, -17*x = -19*x + 3*m + 139. What is the tens digit of x?
7
Suppose -19*c + 20*c = 0. Suppose -i - 5*l = 137, 4*i + 518 = -c*i - 5*l. Let v = 180 + i. What is the units digit of v?
3
Let g(v) = 2811*v - 9068. What is the ten thousands digit of g(22)?
5
Let g(k) = 1. Let c(t) = -22*t - 97. Let i(f) = c(f) - 4*g(f). What is the units digit of i(-5)?
9
Let m = 6701 - 4381. Suppose -m = -6*p - 4*p. What is the tens digit of p?
3
Let a(y) = 491*y**2 + 119*y + 576. What is the units digit of a(-5)?
6
Let j(m) = -54*m + 75. Let d be j(-8). What is the units digit of (3 + (-4)/2)*(d + -2)?
5
Let n(o) = o**3 - 3*o**2 + 8*o + 14. Let y be n(7). Let x = -168 + y. What is the units digit of x - (-7 + 0) - 0/2?
5
Suppose 0 = 2*v + 12 + 8. Let u(i) = 82*i + 20. Let k be u(v). What is the hundreds digit of -4 - (0 - k/(-4))?
1
Suppose 17*g + 94 - 9 = 0. Let u(r) = -r**3 - 5*r**2 - r - 2. Let l be u(g). Suppose c = -l*a + 402, -a = -c - 63 - 75. What is the tens digit of a?
3
Let h be (-4)/6 - 120/36. Let x be 3/(-6)*-10 - h. Suppose -x*v + 13*v = 288. What is the tens digit of v?
7
Let h = 111 + -117. What is the hundreds digit of 522 - (3/18 + 31/h)?
5
Let v(a) = 13*a + 12. Let m be v(-6). Let j = m + 146. Suppose z = j + 31. What is the hundreds digit of z?
1
Let h = 26414 - 18511. What is the units digit of h?
3
Let i be (287 - 0)*1 - 2. Let b = -127 + i. What is the hundreds digit of b?
1
Let r(q) = q**3 - 7*q**2 - 2*q - 6. Let x be r(7). Let u be (-40)/(-12)*((-52)/x - -1). What is the tens digit of ((-342)/(-12))/(9/u)?
3
Let o(x) = 57 + 45*x - 90*x + 24*x + 5*x**2. What is the units digit of o(-9)?
1
Suppose -5*o - 4*i - 27 = -i, -4 = -4*i. Let j(v) = v**3 + 13*v**2 - 4*v + 23. What is the units digit of j(o)?
9
Let i(m) = m**2 + 4*m - 87. Let a be i(-13). What is the units digit of -4 - 222*5/(a/(-18))?
2
Let l = -11444 - -20370. What is the thousands digit of l?
8
Suppose -4*p + 1596 = -5*l, 8*p = 9*p + 2*l - 412. Suppose 4*k - 348 = -80. Suppose -21 = -r - 2*z + k, -5*r + 2*z = -p. What is the tens digit of r?
8
Suppose -4*q = 4*d - 73684, -158*d + 157*d + 18416 = 2*q. What is the units digit of d?
6
Suppose 5*p = -2*p + 28. Let m = 1964 + -1402. Suppose p*k - m = 106. What is the hundreds digit of k?
1
Suppose -180*g + 60*g + 2823360 = 0. What is the units digit of g?
8
Let j be 27/(-3) + 9 + 5. Suppose -3090 = -2*o + h, 0 = -j*o - 5*h - 1868 + 9608. What is the hundreds digit of o?
5
Let t be 172/12 - (-7)/(-21). Suppose -47*f + t*f + 39765 = 0. What is the hundreds digit of f?
2
Suppose 0 = -3*r + 461 - 65. Suppose -q - q = -8, l = q + r. Let f = l - 49. What is the tens digit of f?
8
Let i be 2/(-3)*9 + -190. Let h = i + 587. What is the units digit of h?
1
Let q be (-9)/(-6)*(-11276)/(-6). Suppose 538 = 9*v - q. What is the tens digit of v?
7
Suppose i + 3*i = 16. Let a be (56/(-5) - -10)*(-70)/4. Suppose -108 = -5*r - i*w, -2*r + a = -r + w. What is the units digit of r?
4
Suppose t - 1 = 4*h + 6, 2*t = 2*h + 8. Suppose 8*p - 4*p = i + 3832, -t*p + 2875 = -i. What is the hundreds digit of p?
9
Suppose 0 = 96*b + 40*b - 1690616. What is the hundreds digit of b?
4
Suppose 0 = -4*u + 102 - 26. Let i = u - 40. Let s = -16 - i. What is the units digit of s?
5
Let a(y) = y**3 + 20*y**2 - 2*y - 47. Let z be a(-20). Let h(j) = j**3 + 9*j**2 - 5*j + 6. What is the hundreds digit of h(z)?
1
What is the thousands digit of (-338)/(-4)*54 + 40 + (-700)/20?
4
What is the thousands digit of 1*-12823*(-3)/((-5)/((-10)/6))?
2
Suppose -4*w + 220 = -7*r + 2*r, w - 125 = 3*r. What is the tens digit of (-5 - -12)*(2 - r)?
9
Suppose -20*a - 1354 + 12694 = 0. Suppose 0 = -3*v + 2*i + 662 + 1094, a = v + 3*i. What is the hundreds digit of v?
5
Let t(i) = 16*i**3 - 7*i**2 - 46*i + 287. What is the units digit of t(7)?
0
Suppose 3*z + 896 = 6*z + 5*b, 0 = -5*z + 2*b + 1545. Let g(k) = -23*k + 372. Let c be g(19). Let o = c + z. What is the hundreds digit of o?
2
Suppose 4*p - 13 = 15, 0 = 2*k + p - 25547. What is the ten thousands digit of k?
1
Let r be 14/(-6)*(6 - 3 - -30). What is the units digit of (-19371)/r - (22/14 - 1)?
1
Let b(d) be the second derivative of 7*d**4/4 - 5*d**3/3 + d**2 - 5*d. Let r be b(2). Suppose -62*m = -r*m + 296. What is the tens digit of m?
7
Let u be -1*5*-1 - (-7 - -15). Let b(m) = -14*m**3 + 3*m**2 - 2*m - 4. What is the hundreds digit of b(u)?
4
Suppose c + 184 = 5*c. Suppose c = 9*d + 199. Let l = d - -34. What is the tens digit of l?
1
What is the thousands digit of 2/6*-2 - (-512818)/267?
1
Let x(r) = -6*r + 39. Let u be x(7). Let c(v) = -v**2 - 3*v - 8. Let w be c(u). Let y(d) = -d**3 - 5*d**2 - d - 1. What is the units digit of y(w)?
9
Suppose -8*d + 6892 = -3276. Suppose -40*n + d = -9*n. What is the tens digit of n?
4
What is the ten thousands digit of 14 + (10 - 26) - -22301*8/4?
4
Suppose 48*m + 708521 = 2610665. What is the thousands digit of m?
9
Let o = -1261 + -196. Let g = 2219 + o. What is the hundreds digit of g?
7
Let x = 62 + -57. Suppose -x*b + 1 = -19. Suppose -b*h - 1130 = -14*h. What is the tens digit of h?
1
Suppose 0*q + 3*q = -2*s + 20, -4*s + 2*q + 72 = 0. Suppose -p + s*d - 11*d = 9, -5*d + 25 = 0. What is the tens digit of p?
1
Let x be (-680)/(-12) + ((-23)/3 - -7). What is the tens digit of 7330/35 - 4/x*-8?
1
Suppose 0 = 7*m - 13 - 15. Suppose 0 = -m*r - z + 2985, -4*r - 5*z + 2674 + 331 = 0. What is the tens digit of r?
4
Let p(x) = x**2 + 43*x - 122. Let i be p(-46). Suppose -i*k + 11*k = -1500. What is the units digit of k?
0
Suppose -w = -4*g - 26, 0 = 2*w - 2*g + 3*g - 25. Suppose 15*j = w*j + 3. What is the units digit of 54 + (-1)/(10/j - 3)?
1
Let v(k) = k**3 + 3*k**2 - 10*k + 2. Let o be v(-5). Suppose 3*m - 48 = -o*t, 2*t - 6*m = -5*m + 64. What is the tens digit of t?
3
Suppose 5*v + 3*m = 9, 2 = 5*v + 4*m - 5. Suppose 4*i - h - 502 = 0, 2*i = -4*h - h + 240. Suppose v*f = 8*f - i. What is the units digit of f?
5
Let u(w) = 1248*w**3 - w**2 + 2*w - 1. Suppose -4*t = 12, 0*a - 5*a = 4*t + 7. What is the hundreds digit of u(a)?
2
Let s(b) = -